-15*m - 3*m + 20016. What is the thousands digit of m?
1
Let h = 106 + 331. What is the tens digit of h?
3
Let f = 52 + -34. What is the tens digit of (f/2)/(2/(17 + -3))?
6
Let x be 4/(-6) + 262/6. Suppose -3*s + 142 = x. What is the units digit of s?
3
Let r(n) = 2*n**3 - n**2 - 5*n + 1. Suppose 2*i + i = 12. Let s be (-12)/(-12)*(i - 1). What is the tens digit of r(s)?
3
Let t(k) = -k**3 + 7*k**2 - k - 10. Let m be t(6). Let c be (-137)/(-2) + 10/m. Suppose 0*v + c = 2*r + 3*v, 137 = 4*r + 5*v. What is the units digit of r?
3
Let z = 26 + -7. Let x = z + -15. Suppose q = -x*q + 140. What is the tens digit of q?
2
Suppose 127834 + 101444 = 42*d. What is the units digit of d?
9
Suppose 0 = -10*s + 5*s + 200. Let r = -3 - -7. Suppose -5*c - s = -r*j, -16 = -4*c - 0*c. What is the tens digit of j?
1
Suppose 4*o + 12 = 0, 5*m - 4488 = -14*o + 10*o. What is the tens digit of m?
0
Suppose -53*u = -3*o - 50*u + 5571, -3720 = -2*o + 5*u. What is the tens digit of o?
5
Let a = 775 - 484. What is the units digit of a?
1
Suppose -5*s + 0*s = 5*r + 5, -4 = r + 2*s. Suppose -r*h + 61 = -239. What is the hundreds digit of h?
1
Let z(c) = -c**2 + 2*c + 54. Let i be z(0). Let u = -52 + i. What is the units digit of u?
2
Let a(u) = 7*u - 9. Let l(p) = -p - 11. Let q be l(-7). Let y be -6*(q + 20/6). What is the units digit of a(y)?
9
Let q(m) = -2*m - 35. Let u(d) = d + 18. Let p(k) = 6*q(k) + 13*u(k). What is the units digit of p(-7)?
7
Let j = 905 + -827. What is the tens digit of j?
7
What is the units digit of (-9180)/(-27) - 0/1?
0
Let p(q) be the second derivative of q**4/12 + 2*q**3/3 + 17*q**2/2 + 19*q. What is the tens digit of p(-8)?
4
Let k = -578 - -976. What is the units digit of k?
8
Suppose -u + 214 = -5*c, 5*c + u + 202 = -u. Let r(v) = -3*v**2 - 2*v - 4. Let p be r(-3). Let z = p - c. What is the tens digit of z?
1
Suppose -3*k - 26 = -5*r, -k + 4*r = 2*k + 25. Let y be (1 - 345/21)*k. Suppose -48 = -6*u + y. What is the tens digit of u?
2
What is the thousands digit of ((-23)/115)/(4/(-46140))?
2
Let p(r) = r**3 + 2*r**2 - 3*r + 268. What is the tens digit of p(0)?
6
Let o(d) = 3*d**2 - d + 17. Let b be o(-7). Let m = 112 + b. What is the tens digit of m?
8
Suppose 11*u + 50 = 12*u. Suppose -2*t + u = 3*t. Suppose t*k = 6*k + 12. What is the units digit of k?
3
Let s(q) = -q**3 + 7*q**2 - 6*q + 3. Let o be s(6). Let u be (-152)/57*o/(-2). Suppose -4*n - u = -60. What is the tens digit of n?
1
Suppose -6*l = 975 - 3621. What is the tens digit of l?
4
Let v(o) be the second derivative of -259*o**5/20 - o**2 + 35*o. What is the hundreds digit of v(-1)?
2
Let o(z) = 8 + 0 - 1 + 7 - 11*z. What is the units digit of o(-3)?
7
Suppose 8*a - 17631 - 1121 = 0. What is the thousands digit of a?
2
Suppose 0 = 4*z + 20, -2*s - 3*s + 4*z + 45 = 0. Suppose -3*l + 288 = 2*x, s*x - 157 = 3*l - 466. What is the tens digit of l?
9
Suppose -5*x + 0 = -5, 0 = 2*n - 2*x - 1014. What is the tens digit of n?
0
Suppose 9*h = 10*h - 417. What is the tens digit of h?
1
Let b(g) = 4*g**3 + 6*g**2 - 2*g - 11. What is the tens digit of b(4)?
3
Let b(u) = -3 - 1 + 7*u - 8*u + 2*u. Let h be b(0). What is the tens digit of 1*(51 + 4 + h)?
5
Let s be 2*3/2 + 124. Suppose s = 2*o + 5*t, -o - 5*t + 76 = -0*o. Let k = 94 - o. What is the units digit of k?
3
Let a(o) = o**2 - 4*o - 1. Let p be a(5). Let l = 9 - p. Suppose 2 = l*r - 8. What is the units digit of r?
2
Suppose 0 = -5*f + 18 + 7. Suppose -5*h + 2*n = -6*h - 12, -5*n - 29 = 2*h. What is the tens digit of f*(3 - h/10)?
1
Let w(y) = -72*y - 360. What is the hundreds digit of w(-13)?
5
Suppose 3*i + 2*x = i + 8, 0 = 2*i + 3*x - 10. Suppose 7*p = i*p + 140. What is the units digit of p?
8
Suppose 11*p - 3402 = 5*p. What is the units digit of p?
7
Let n = 3025 - -1475. What is the thousands digit of n?
4
Let o = -177 - -288. What is the tens digit of o?
1
Suppose -5*p - 10 = 7*q - 2*q, 0 = -5*q - 15. Let v be 3/(48/45 - p). Let u = v + 9. What is the tens digit of u?
5
Suppose 2*b + 12 = 6*b. Let g be 47/b + 8/24. Let j = 25 - g. What is the units digit of j?
9
Let p(i) = i**3 - 52*i**2 - 22*i + 272. What is the units digit of p(53)?
5
Let c = 680 - -55. Suppose -3*z - 267 = -c. What is the units digit of z/4*(-4)/(-6)?
6
What is the thousands digit of -1*11 - (-2331 - -59)?
2
Let k = 21 - 17. Suppose -2*h + k*h = 216. What is the hundreds digit of h?
1
Let y(q) = -9*q + 1. Let j be y(-1). Let p be (j/(-5))/(2/73). Let m = -29 - p. What is the units digit of m?
4
Let o = -655 + 676. What is the units digit of o?
1
Let c = 1990 - 915. Suppose -6*k = -5*f - 4*k + c, 4*f - 5*k - 860 = 0. What is the units digit of f?
5
Let i = 87 + 362. What is the units digit of i?
9
Let z(a) be the first derivative of 17*a**3/3 + 3*a**2/2 + 2*a + 10. Suppose o + o - 13 = 5*b, 2*o = -3*b - 11. What is the units digit of z(o)?
6
Suppose -2*u = 3*b - 1328, 0 = -8*b + 4*b + 16. What is the units digit of u?
8
Suppose -4*d + u + 18 = -u, -d - 2*u = 3. What is the tens digit of (15/(-9))/(d/(-99) + 0)?
5
Let n(h) = -h + 12. Let l be n(0). Let r be (-2 - l) + 6 + -8. What is the units digit of 1/(-1) - (r - -1)?
4
What is the units digit of 144*35/5*(-12)/(-16)?
6
Let i(f) = -f**2 + 70. Let g = 28 + -28. What is the units digit of i(g)?
0
Suppose 0*a = -2*a + 10. Suppose -a*q - 2*d = d - 148, -q = -5*d - 24. Let o = q - 12. What is the tens digit of o?
1
Let d(b) = b**2. Let v(f) = -7*f**2 - f. Let c(g) = -4*d(g) - v(g). Let w be c(-1). What is the tens digit of -28*(w/(-4) - 1)?
4
Let o(g) = g**2 - 2*g + 9. Let r be o(-7). Suppose 2*a + j = 6*a - 236, r = a + 3*j. What is the tens digit of a?
6
Let b be -2 - (-3 + -3) - 0. Let s be (6/b)/(6/28). What is the units digit of (900/105)/(1/s)?
0
Let s(n) = -921*n**3 - 3*n**2 + 33*n - 17. Let p(u) = -230*u**3 - u**2 + 8*u - 4. Let c(y) = -9*p(y) + 2*s(y). What is the hundreds digit of c(1)?
2
Suppose -5*u = 113 + 1727. Let q = u - -571. What is the hundreds digit of q?
2
Let a = 139 - 40. Let o = a + -27. What is the tens digit of o?
7
Suppose -12*a = -13*a + 4*x + 1722, 5166 = 3*a - x. What is the thousands digit of a?
1
Let y(m) = -6*m + 1. Suppose 5*i - 3*i + v + 16 = 0, 0 = 5*i + 4*v + 40. Let d be 2 + 6/3 + i. What is the tens digit of y(d)?
2
Let b(s) = -9*s**3 - 4*s**2 - 10*s - 6. What is the tens digit of b(-3)?
3
Suppose 2*j + 3 = 7. Suppose -6 = -4*k - j*r, -4*r = r + 5. Suppose 0 = 2*f - 0*t - k*t - 68, 0 = -2*f + 5*t + 71. What is the units digit of f?
3
Let d = 10 - 11. Let k be 1/d + 3/3. Suppose 5*j = -k + 30. What is the units digit of j?
6
Let u(s) = 2431*s**2 - 1. What is the tens digit of u(-1)?
3
Let f(p) = -8*p**2 + 28 + 6*p**2 + 2 + 28*p - 76*p. What is the tens digit of f(-23)?
7
Let k = 15 + -14. Suppose 11 = g + k. Suppose -2*o - 5*x = -51, 2*x - 50 - g = -3*o. What is the units digit of o?
8
Suppose 0 = -5*s + 9 + 6. What is the hundreds digit of (2/s)/(8/(-12)) - -113?
1
Let m(a) = -2*a**3 - 3*a**2 + 5*a + 4. Let u(w) = w**3 - 12*w**2 + 10*w + 7. Let f be u(11). What is the tens digit of m(f)?
6
Let x(g) = 2*g - 13. Let d be x(9). Let n be d/(20/(-8)) + 6. Suppose -2*q = -4 - n, 4*q = p + 15. What is the units digit of p?
1
Let s(u) = 4*u + u - 1 - u**2 - 6*u - u. Let o be s(9). Let x = o + 156. What is the units digit of x?
6
Suppose 0 = 11*l - 23936 - 1089. What is the tens digit of l?
7
Let h = 3448 - 1936. What is the tens digit of h/88 - 4/22?
1
Suppose 0 = -125*i + 119*i + 12060. What is the units digit of i?
0
Let r(z) = -z + 4. Let l(i) = 3*i - 11. Let d(x) = -4*l(x) - 11*r(x). Let u be d(0). What is the tens digit of 37 - u/(7 + -4)?
3
What is the tens digit of 1406 + 7/(-49)*0?
0
Let b be 35/(-10)*(10 - 4/(-2)). Let h = b - -78. What is the units digit of h?
6
Let d = 6909 + -3748. What is the thousands digit of d?
3
Let i(s) = 3*s**2 + 14*s + 15. Let b be i(-10). Suppose w - 8*w + b = 0. What is the units digit of w?
5
Suppose 22 = o - 0*o + 3*p, -2*o + 5*p = -22. Let q = -3 + o. What is the units digit of q?
3
Suppose a - 420 = -4*m, 12*m - 9*m - 845 = -2*a. What is the units digit of a?
4
Suppose 4*g + 2*y = 5*y - 6, -g + 5*y = -7. Let a(w) = -5*w - 4. Let r be a(g). Let s = 14 + r. What is the tens digit of s?
2
Let c be (32/(-24))/((-2)/15). Let l = c - 